 the remainder when 104 is divided by z(m).
20
Let j(a) = -12 + 41*a**2 - a + 5*a + 9. Let v be j(2). Suppose v = 2*m + 49. Calculate the remainder when m is divided by 16.
12
Let o(s) = 31 - 8 + 25 - s. What is the remainder when o(0) is divided by 26?
22
Let o = -8 - -8. Suppose o*t = -2*t + 48. Let d = -294 - -339. Calculate the remainder when d is divided by t.
21
Let h(o) = -3*o + 0*o - 22 + 3*o**2 - 4*o**2 + 4*o**2. What is the remainder when h(5) is divided by 13?
12
Let o = 194 + -192. Calculate the remainder when 65 is divided by -2*(-4 + o + 363/(-22)).
28
Let m = -321 + 409. Calculate the remainder when 439 is divided by m.
87
Suppose 0 = 12*z - 8*z + 2*t - 46, 2*z = 4*t + 8. What is the remainder when (-6)/(-4)*49*4/3 is divided by z?
8
Let r(d) = -d - 27. Let v be r(-29). Suppose -26 = v*f - 3*f. What is the remainder when 69 is divided by f?
17
Calculate the remainder when 1245 is divided by (-9)/54*-102 + 12.
27
Suppose -494*n + 497*n = 3, 2*x = n + 67. Let t(u) = u**3 - 10*u**2 + 5*u + 12. Calculate the remainder when t(10) is divided by x.
28
Suppose 83*x + 252 = 85*x. Let v(j) = j**3 + 3*j**2 - 61*j + 1. Calculate the remainder when x is divided by v(-9).
62
Suppose 3*j + 0*j - 39 = -3*x, -3*x = 2*j - 41. What is the remainder when 118 is divided by (-5 - x/(-5)) + 32?
28
Let i(g) = -8*g + 398. Calculate the remainder when 1243 is divided by i(40).
73
Let m(q) = q**3 - 30*q**2 - 64*q + 78. Let s(n) = -7*n - 1. Suppose -4*j - 16 = -4. Calculate the remainder when m(32) is divided by s(j).
18
Let c = 18 + -13. Let s(t) = -7. Let a(o) = -3*o + 1. Let k(b) = -3*a(b) + 2*s(b). What is the remainder when 75 is divided by k(c)?
19
Let s = -21058 + 21122. What is the remainder when 556 is divided by s?
44
Let q(c) = c**3 - 5*c**2 + c - 25. What is the remainder when 1*6/33 - 4920/(-44) is divided by q(6)?
10
Let i be ((-150)/(-5))/(-2)*(-18)/10. Let z be i/(-6)*2/(-3). What is the remainder when (-15)/(-6)*(z - (-126)/10) is divided by 11?
6
Let k = 1125 + -567. Calculate the remainder when 85 is divided by (-2 + 20/15)*k/(-12).
23
Suppose 396 = 2*p + 4*d, 3*d - 8*d - 753 = -4*p. Suppose p = 14*r - 11*r. Suppose -27 + 231 = 12*y. Calculate the remainder when r is divided by y.
13
Let z = -728 + 737. Suppose 3*s = -y + 102, -z*s + 410 = 5*y - 14*s. Calculate the remainder when 169 is divided by y.
82
Suppose -5*v - 1166 = -o - 242, -2*o + 1806 = -3*v. What is the remainder when o is divided by 432?
30
What is the remainder when (-3 - -306) + 6 + (2 - 16) is divided by 107?
81
Let f be 5334/4 - 1/2. Suppose f - 1697 = -4*n. What is the remainder when n is divided by 49?
42
Suppose 2*w + 4*m = 60, 4 + 56 = 2*w + 5*m. Suppose 3*g + 2*v = 39, -3*g + 9 + 21 = 5*v. What is the remainder when (2/w*111)/(3/g) is divided by 13?
11
Suppose l = -3 + 57. Suppose -3*c + 36 = 3*w, 38*w = 40*w - c - 30. Calculate the remainder when l is divided by w.
12
Suppose -236*d + 240*d + 20 = 0. Calculate the remainder when 252 is divided by d/((-45)/138)*(-15)/(-10).
22
Let w = -715 - -715. Suppose m - 3*q - 83 = w, -3*m + 10*q + 184 = 14*q. What is the remainder when m is divided by 7?
5
Let t(n) = 12*n + 31. Let d be t(12). Suppose -214*z + d = -207*z. What is the remainder when 95 is divided by z?
20
Suppose d - 21*m + 17*m - 110 = 0, -2*m = -d + 106. Suppose -2*y + d = -5*z, -20*y + 5*z + 148 = -17*y. Calculate the remainder when 97 is divided by y.
5
Suppose -5*h = 3*z + 401, -3*z + 0*z - 405 = 3*h. Let i = z - -132. Calculate the remainder when 107 is divided by (i - (-36)/8)*156/(-2).
29
Let j(c) = 3*c - 30. Let z(v) = 26*v - 5. Let i be z(1). Suppose -4*r + 0*t - 2*t = -78, 5*t + i = 2*r. Calculate the remainder when j(r) is divided by 4.
0
Let y = 6 + -4. Suppose -42*i = -46*i - p + 18, -3*p - 21 = -3*i. Let o = i - y. Calculate the remainder when 14 is divided by o.
2
What is the remainder when 430 is divided by (378/(-315))/((-1)/15)?
16
Suppose -13962 = -3*f - 36*f. Calculate the remainder when f is divided by 36.
34
Let w(m) = 31*m + 177. Let b be w(-5). Calculate the remainder when (-4)/b + 17555/55 is divided by 14.
11
Let s(o) = 26*o**2 - o - 1. Suppose -v = 5*v - 144. Calculate the remainder when 3090/v + (-2)/(-8) is divided by s(-1).
25
Suppose 3*d = 3*j + 273, 5*d + 4*j - 446 = 6*j. Let n be 5/15 + 274/6. Suppose -n = -g - g. What is the remainder when d is divided by g?
19
Let m(p) = 5*p**2 - 17*p - 176. Calculate the remainder when 2478 is divided by m(8).
6
Let o = 13 - 14. What is the remainder when 179 is divided by (-60)/(-50)*(51 + o)?
59
Suppose -177*v - 16*v + 46899 = 0. Calculate the remainder when 3155 is divided by v.
239
Let q = 1331 + -1326. Let s(t) = -t**3 + 7*t**2 + 4*t - 9. What is the remainder when s(3) is divided by q?
4
Suppose -y + 454 = 4*y + 2*k, 0 = -y - 3*k + 83. Let b be 0 + (-7 - -4) - y/2. Let l = b + 113. Calculate the remainder when l is divided by 22.
20
Let q(l) = l**2 - 32*l - 30. Suppose 4*t = 2*u - 78, -2*u + 13 = -t - 56. What is the remainder when 110 is divided by q(u)?
2
Let q = 7 - 3. Let j be (-6)/7*203/(-87). Suppose q*c = 5*m - m - 24, -j*m + 16 = 2*c. What is the remainder when 16 is divided by m?
2
Let s(d) = -d**3 - 127*d**2 - 258*d - 963. Calculate the remainder when 5955 is divided by s(-125).
35
Let s be ((114/8)/1)/(1/(-4)). Let k = -26 - s. Let j = k + 52. What is the remainder when j is divided by 22?
17
Let l(f) = 12*f - 56 - 102 + 111 - 46 + 0*f. What is the remainder when 52 is divided by l(10)?
25
Let l = -21685 - -21772. What is the remainder when 1118 is divided by l?
74
Suppose -95*y + 2816 = -31*y. Let j be (-1)/2 - (-10)/4. Suppose 0 = -a + j, k + a = -10 + 27. What is the remainder when y is divided by k?
14
Suppose -2*r + 3*q = -1, -75*q = r - 79*q - 8. Let d(v) = -76*v - 47. What is the remainder when d(r) is divided by 52?
49
Let f(n) = -17*n**2 - 2. Let t be f(-2). Suppose -6*r + 28 = -44. What is the remainder when (t/15 + 4)*15*-2 is divided by r?
8
Let f(n) = -n**2 - 16*n + 115. Let o be f(-21). What is the remainder when (-131)/(-4) + (533/52 - o) is divided by 6?
3
Suppose -b = -3*m + 1868, 3*m = 36*b - 33*b + 1872. What is the remainder when m is divided by 24?
22
Let u(x) = -3*x**2 - 37*x + 33. Let y = 36 - 15. Calculate the remainder when u(-10) is divided by y.
19
Suppose -2*p = p + 51. Let c = p + 161. Suppose j - 40 = 5*s, -3*j = 2*j + 3*s - c. What is the remainder when 56 is divided by j?
26
Suppose 0 = -5*w, 0 = -2*y - 5*w + 3*w + 6. Suppose -420 = -3*f + y*g, -4*f + 3*f + 3*g = -140. What is the remainder when f is divided by 42?
14
Suppose 0 = 5*c + 3*r - 2496, -755 = -5*c + 2*r + 1756. Calculate the remainder when 1518 is divided by c.
15
Let o = 13720 - 13410. Calculate the remainder when o is divided by 72.
22
Suppose g + 301*j = 294*j + 116, 2*j - 177 = -3*g. What is the remainder when 109 is divided by g?
3
Let g(x) = 2*x + 37. Let p be g(-13). Suppose 0*k + 4*k - p*k = 0. Suppose k = 4*j + 14 - 42. Calculate the remainder when 53 is divided by j.
4
Let p = 13768 - 5983. What is the remainder when p is divided by 66?
63
Let z(y) = y**2 - 9*y - 44. Let p(g) = 2*g. Let w(q) = 2*p(q) + z(q). Calculate the remainder when 35 is divided by w(10).
5
What is the remainder when (3700/16)/(70/336) is divided by 124?
118
What is the remainder when (69/(-138))/((-2)/(-4)) - -1280 is divided by 47?
10
Suppose -59*b + 21*b = -228. Suppose 0*v + 122 = 2*v. Calculate the remainder when v is divided by b.
1
Let t(l) be the third derivative of l**5/30 + 31*l**4/24 - 3*l**3/2 + 5*l**2 + 8*l. What is the remainder when 123 is divided by t(-17)?
39
Let a = -48 - -50. Let i be (a - 10/6)/((-5)/15). Let x(b) = 8*b**2 - 1. What is the remainder when 9 is divided by x(i)?
2
Let b be 9/(-6)*32/12. What is the remainder when 20/(25/72 - b/(-18)) is divided by 23?
22
Let l = -7862 + 7916. What is the remainder when 338 is divided by l?
14
Suppose -13*s - 17*s - 19*s = -9800. Calculate the remainder when s is divided by 108.
92
Let n(c) = 12*c + 148. Let o be n(-16). Suppose 103 = -3*w + 2*a, -w + 0*w = 5*a + 40. Let l = w - o. Calculate the remainder when l is divided by 3.
0
Let u(y) = 19*y**3 - 6*y**2 + 43*y - 86. Calculate the remainder when u(4) is divided by 151.
149
L